f 52?
True
Is 1365 a factor of 1956337110?
True
Is 1635260095 a multiple of 7?
True
Does 397 divide 76756977?
False
Is 170106772 even?
True
Is 1295 a factor of 2753174005?
False
Is 25 a factor of 19226923?
False
Does 7 divide 66820544?
True
Is 87 a factor of 109984453?
False
Does 57 divide 574376282?
False
Is 630 a factor of 207189360?
True
Is 70 a factor of 14610400?
True
Does 2873 divide 964767765?
True
Is 3271 a factor of 120349031?
False
Does 1810 divide 2105654450?
True
Does 2227 divide 725910693?
True
Is 15 a factor of 21260124?
False
Does 655 divide 141909153?
False
Is 3931009 a multiple of 70?
False
Is 6153952 a multiple of 14?
True
Is 2087457936 a multiple of 71?
True
Is 750060486 a multiple of 1954?
True
Is 121433851 a multiple of 77?
True
Is 649026819 a multiple of 63?
True
Is 6390657 a multiple of 289?
True
Is 353884084 a multiple of 268?
True
Is 14079250 a multiple of 250?
True
Does 4347 divide 559250285?
False
Is 4903 a factor of 284070014?
True
Is 67303421 a multiple of 26?
False
Is 25 a factor of 33474096?
False
Is 696396585 a multiple of 255?
True
Does 745 divide 281057210?
True
Is 142 a factor of 55349161?
False
Does 80 divide 2930099735?
False
Is 2168716 a multiple of 9?
False
Is 3282 a factor of 53220912?
True
Is 114605495 a multiple of 35?
False
Is 18566448 a multiple of 1119?
True
Is 594 a factor of 13983948?
True
Is 24423856 a multiple of 35?
False
Is 228243880 a multiple of 824?
True
Does 2 divide 1694340?
True
Does 672 divide 4331040?
True
Is 104797065 a multiple of 19?
True
Is 26 a factor of 4956848?
True
Does 17 divide 178724845?
False
Does 345 divide 1336875?
True
Is 182021175 a multiple of 567?
True
Does 4 divide 475627688?
True
Is 62 a factor of 16482315?
False
Does 399 divide 13984152?
True
Is 275645055 a multiple of 21?
True
Does 266 divide 36742048?
True
Is 20 a factor of 439700?
True
Does 1562 divide 649101554?
False
Is 503 a factor of 13134336?
True
Is 7186509988 a multiple of 1345?
False
Is 245876688 a multiple of 496?
False
Is 23 a factor of 1428630298?
False
Is 326817704 a multiple of 259?
False
Is 1478269440 a multiple of 5184?
True
Is 754 a factor of 489567093?
False
Is 63344997 a multiple of 279?
True
Is 2706053103 a multiple of 39?
True
Is 863211720 a multiple of 595?
True
Is 1331 a factor of 1845712252?
False
Is 954879968 a multiple of 16?
True
Is 86491800 a multiple of 1425?
True
Does 19 divide 10469808?
False
Is 106191723 a multiple of 672?
False
Is 234439371 a multiple of 2330?
False
Does 119 divide 21095061?
False
Does 1883 divide 96524463?
True
Is 1028 a factor of 118278596?
True
Does 10 divide 16139422?
False
Is 248634973 a multiple of 859?
True
Is 142820822 a multiple of 1120?
False
Is 17521432 a multiple of 8?
True
Is 28 a factor of 300097211?
False
Is 33 a factor of 39001627?
False
Is 4310083386 a multiple of 19?
True
Is 5 a factor of 102267465?
True
Is 139458742 a multiple of 38?
False
Is 106 a factor of 740935109?
False
Is 39 a factor of 46157046?
True
Is 109 a factor of 31779376?
False
Is 2018 a factor of 128293327?
False
Is 24345780 a multiple of 8?
False
Is 1402 a factor of 9667448?
False
Is 8383 a factor of 696140106?
False
Is 29 a factor of 277697484?
False
Is 188636499 a multiple of 339?
False
Is 66285096 a multiple of 1043?
False
Is 179 a factor of 64407221?
False
Is 1507 a factor of 1113691199?
False
Does 36 divide 649524168?
True
Is 693949 a multiple of 20?
False
Is 12 a factor of 804297516?
True
Is 103 a factor of 181392373?
True
Is 1717 a factor of 186488521?
True
Is 45397824 a multiple of 48?
True
Is 1657 a factor of 13311244?
False
Does 65 divide 227038491?
False
Is 3823850489 a multiple of 307?
False
Is 15 a factor of 104091600?
True
Does 6742 divide 516246210?
False
Is 4525019 a multiple of 47?
True
Is 169 a factor of 239565053?
False
Is 182000046 a multiple of 2133?
False
Is 8 a factor of 182405496?
True
Is 127020460 a multiple of 287?
True
Is 16 a factor of 25659975?
False
Is 82889 a multiple of 7?
False
Is 145044942 a multiple of 14?
True
Does 11337 divide 1199559463?
False
Is 32 a factor of 217886638?
False
Is 17 a factor of 562338852?
True
Is 1178996188 a multiple of 86?
True
Is 191 a factor of 4563563?
True
Is 1420 a factor of 434362380?
True
Is 2398831926 a multiple of 2199?
True
Does 7 divide 45576352?
False
Is 996636323 a multiple of 120?
False
Is 301679478 a multiple of 81?
True
Is 249904892 a multiple of 18?
False
Is 702 a factor of 86145228?
True
Is 4269778 a multiple of 308?
False
Is 51 a factor of 65695548?
True
Does 26 divide 123253559?
False
Does 1561 divide 38294130?
False
Does 24 divide 1984401227?
False
Does 1852 divide 2826464988?
True
Is 31 a factor of 6222063?
False
Does 1180 divide 1847179754?
False
Does 338 divide 589874220?
True
Is 186416875 a multiple of 74?
False
Is 624 a factor of 55763020?
False
Does 10 divide 782455690?
True
Is 25785484 a multiple of 78?
False
Is 996655260 a multiple of 19?
True
Does 9 divide 261965322?
True
Does 2987 divide 7240276?
False
Is 45764957 a multiple of 20?
False
Is 86940034 a multiple of 86?
False
Is 43796216 a multiple of 2584?
True
Is 84790511 a multiple of 169?
True
Does 14 divide 197806938?
True
Is 796 a factor of 95860688?
True
Is 4382832095 a multiple of 1570?
False
Is 17 a factor of 534758923?
False
Is 8466 a factor of 1077025509?
False
Is 21 a factor of 13642831?
False
Is 1495859381 a multiple of 1117?
False
Is 28435945 a multiple of 1385?
False
Does 41 divide 93928581?
True
Is 464318710 a multiple of 1541?
True
Does 1458 divide 357812154?
True
Does 287 divide 368355405?
False
Does 149 divide 30865126?
False
Does 19 divide 763028334?
True
Is 55405515 a multiple of 4785?
True
Is 87 a factor of 133134795?
True
Does 57 divide 45521967?
True
Is 17 a factor of 586128040?
True
Is 28 a factor of 2670365127?
False
Does 7 divide 81977189?
True
Is 243356767 a multiple of 436?
False
Is 135 a factor of 86933778?
False
Is 260 a factor of 27224339?
False
Is 1010421735 a multiple of 1810?
False
Is 3 a factor of 232209664?
False
Is 7 a factor of 17268314?
True
Is 737001375 a multiple of 888?
False
Is 25 a factor of 104936675?
True
Is 1631 a factor of 9827384?
False
Does 182 divide 1750155134?
True
Is 1397250599 a multiple of 161?
False
Does 271 divide 101600776?
False
Is 245 a factor of 220091687?
False
Is 127665412 a multiple of 3374?
True
Does 34 divide 48141389?
False
Is 95826376 a multiple of 4072?
True
Does 51 divide 32887146?
True
Is 730924398 a multiple of 4878?
True
Does 152 divide 1034079864?
True
Does 10414 divide 736943317?
False
Is 539583931 a multiple of 678?
False
Does 66 divide 272249208?
True
Is 49461643 a multiple of 1417?
False
Does 637 divide 319125967?
False
Is 5268968404 a multiple of 10213?
True
Is 111 a factor of 258987087?
True
Is 52 a factor of 80030880?
False
Does 24 divide 16553216?
False
Is 516 a factor of 27215997?
False
Is 1302487168 a multiple of 128?
True
Is 177 a factor of 90498507?
True
Is 26242425 a multiple of 19?
False
Is 22 a factor of 4005071031?
False
Is 600835230 a multiple of 4178?
False
Is 179 a factor of 593744117?
False
Is 199 a factor of 97504016?
False
Is 101498954 a multiple of 4785?
False
Does 799 divide 37198937?
False
Is 546 a factor of 64146264?
True
Is 204 a factor of 318310251?
False
Does 7416 divide 726374952?
True
Is 8816 a factor of 3066008107?
False
Does 161 divide 3064796?
True
Does 7302 divide 970859316?
True
Does 485 divide 48690605?
True
Is 4940016 a multiple of 12?
True
Is 40750068 a multiple of 523?
True
Is 182116576 a multiple of 184?
True
Is 12 a factor of 2453988?
True
Does 2556 divide 145398410?
False
Is 366115392 a multiple of 565?
False
Is 938832 a multiple of 6?
True
Does 7 divide 502566813?
True
Is 118 a factor of 9875597?
False
Does 30 divide 118864979?
False
Is 41456051 a multiple of 6?
False
Does 10 divide 243248190?
True
Is 3923 a factor of 2819781137?
False
Is 239460244 a multiple of 3467?
False
Is 9 a factor of 31910247?
True
Is 5 a factor of 14076840?
True
Does 80 divide 59628743?
False
Does 64 divide 6131584?
True
Does 2 divide 5611441?
False
Is 26076232 a multiple of 1372?
True
Is 172 a factor of 231716403?
False
Is 1910 a factor of 6470762638?
False
Is 1306144679 a multiple of 7?
True
Is 1321271664 a multiple of 35?
False
Is 7 a factor of 